819?
17
Calculate the highest common divisor of 3570 and 2100.
210
Calculate the highest common factor of 420 and 336.
84
What is the highest common divisor of 1952 and 305?
61
What is the greatest common divisor of 364 and 13?
13
What is the highest common divisor of 30 and 375?
15
Calculate the greatest common factor of 230 and 10.
10
What is the greatest common factor of 760 and 70?
10
What is the highest common divisor of 253 and 69?
23
What is the highest common factor of 1095 and 165?
15
Calculate the greatest common divisor of 6 and 5790.
6
What is the highest common divisor of 74 and 518?
74
What is the highest common factor of 82 and 3?
1
Calculate the greatest common divisor of 5746 and 17.
17
What is the highest common factor of 144 and 54?
18
What is the highest common divisor of 2163 and 315?
21
Calculate the greatest common factor of 22 and 1826.
22
What is the greatest common divisor of 114 and 18126?
114
What is the highest common factor of 160 and 8720?
80
What is the highest common divisor of 20 and 460?
20
What is the greatest common factor of 25 and 65?
5
What is the highest common factor of 5 and 4?
1
What is the highest common factor of 153 and 9?
9
Calculate the highest common factor of 2 and 394.
2
What is the greatest common divisor of 282 and 18?
6
Calculate the highest common factor of 150 and 12.
6
Calculate the highest common factor of 34 and 20.
2
What is the highest common factor of 12 and 153?
3
Calculate the greatest common factor of 36 and 1038.
6
Calculate the highest common divisor of 2016 and 1218.
42
Calculate the greatest common divisor of 1670 and 30.
10
Calculate the highest common divisor of 34 and 493.
17
What is the greatest common factor of 275 and 475?
25
What is the highest common factor of 182 and 77?
7
What is the highest common divisor of 24 and 558?
6
Calculate the highest common factor of 1968 and 80.
16
What is the greatest common divisor of 8189 and 76?
19
Calculate the highest common divisor of 43 and 8213.
43
Calculate the highest common divisor of 121 and 4697.
11
Calculate the highest common divisor of 6335 and 35.
35
What is the highest common factor of 10 and 530?
10
What is the highest common divisor of 11 and 737?
11
What is the greatest common divisor of 35 and 185?
5
Calculate the highest common factor of 260 and 247.
13
Calculate the highest common divisor of 30 and 390.
30
Calculate the greatest common divisor of 483 and 2254.
161
Calculate the highest common divisor of 2475 and 99.
99
Calculate the greatest common factor of 26 and 286.
26
What is the greatest common factor of 203 and 2291?
29
What is the greatest common divisor of 14 and 70?
14
What is the highest common factor of 3520 and 20?
20
What is the highest common divisor of 126 and 24?
6
Calculate the highest common factor of 273 and 4662.
21
What is the highest common factor of 3806 and 66?
22
What is the greatest common factor of 6125 and 25?
25
Calculate the greatest common factor of 63 and 14.
7
What is the highest common divisor of 31 and 7223?
31
Calculate the greatest common divisor of 18 and 63.
9
Calculate the highest common divisor of 45 and 1245.
15
Calculate the highest common divisor of 490 and 3360.
70
What is the greatest common factor of 12 and 348?
12
Calculate the highest common factor of 107 and 1284.
107
Calculate the greatest common divisor of 304 and 112.
16
Calculate the greatest common divisor of 1544 and 8.
8
Calculate the greatest common divisor of 25 and 25.
25
What is the highest common divisor of 1368 and 48?
24
Calculate the greatest common divisor of 22788 and 108.
108
Calculate the greatest common factor of 23848 and 88.
88
What is the highest common factor of 1359 and 18?
9
Calculate the greatest common factor of 1278 and 54.
18
Calculate the highest common factor of 5052 and 84.
12
Calculate the highest common factor of 110 and 605.
55
Calculate the greatest common factor of 165 and 24915.
165
What is the highest common factor of 52 and 1332?
4
Calculate the greatest common factor of 40 and 10.
10
Calculate the greatest common factor of 21 and 1351.
7
Calculate the highest common factor of 4192 and 655.
131
What is the greatest common factor of 6832 and 224?
112
Calculate the highest common factor of 25 and 325.
25
Calculate the highest common factor of 36 and 1572.
12
Calculate the highest common factor of 40 and 90.
10
Calculate the greatest common factor of 45 and 1575.
45
Calculate the greatest common factor of 1387 and 114.
19
Calculate the highest common divisor of 175 and 147.
7
Calculate the highest common divisor of 1392 and 48.
48
What is the greatest common factor of 440 and 280?
40
What is the greatest common divisor of 104 and 328?
8
Calculate the highest common divisor of 29 and 2784.
29
Calculate the greatest common divisor of 7943 and 47.
47
What is the highest common factor of 7 and 203?
7
Calculate the greatest common divisor of 165 and 480.
15
Calculate the greatest common factor of 72 and 216.
72
Calculate the greatest common factor of 970 and 10.
10
What is the greatest common divisor of 69 and 8648?
23
Calculate the highest common factor of 1008 and 840.
168
Calculate the greatest common divisor of 105 and 3885.
105
Calculate the highest common factor of 483 and 4991.
161
What is the greatest common factor of 23 and 2?
1
What is the highest common factor of 529 and 115?
23
What is the highest common factor of 196 and 8?
4
What is the greatest common factor of 400 and 60?
20
What is the greatest common divisor of 34 and 26?
2
Calculate the greatest common divisor of 7296 and 336.
48
What is the greatest common divisor of 155 and 217?
31
Calculate the highest common divisor of 176 and 44.
44
Calculate the greatest common factor of 52 and 143.
13
Calculate the greatest common divisor of 1905 and 60.
15
Calculate the highest common factor of 330 and 572.
22
What is the highest common factor of 74 and 18352?
74
What is the highest common divisor of 240 and 16656?
48
Calculate the highest common factor of 2006 and 102.
34
What is the greatest common factor of 300 and 220?
20
Calculate the highest common factor of 808 and 48.
8
What is the highest common divisor of 1292 and 1444?
76
What is the highest common factor of 27 and 32454?
27
What is the greatest common divisor of 9 and 1773?
9
Calculate the greatest common divisor of 696 and 24.
24
What is the greatest common divisor of 1736 and 154?
14
What is the highest common divisor of 1260 and 120?
60
What is the highest common factor of 248 and 8?
8
Calculate the highest common divisor of 110 and 10.
10
What is the highest common factor of 26 and 9?
1
Calculate the greatest common divisor of 612 and 13770.
306
Calculate the greatest common divisor of 391 and 184.
23
What is the highest common factor of 176 and 77?
11
What is the greatest common divisor of 35 and 3430?
35
What is the greatest common divisor of 31 and 899?
31
Calculate the highest common divisor of 25 and 75.
25
What is the highest common factor of 254 and 6985?
127
Calculate the greatest common divisor of 770 and 1750.
70
What is the highest common factor of 1216 and 76?
76
Calculate the highest common factor of 440 and 2365.
55
What is the highest common factor of 65 and 1040?
65
What is the highest common factor of 66 and 99?
33
What is the greatest common divisor of 27 and 543?
3
What is the highest common divisor of 357 and 21?
21
Calculate the greatest common factor of 35 and 3409.
7
What is the greatest common factor of 459 and 1326?
51
What is the highest common divisor of 343 and 161?
7
What is the highest common divisor of 3395 and 70?
35
What is the greatest common divisor of 30 and 30?
30
What is the greatest common divisor of 8 and 296?
8
Calculate the greatest common factor of 8 and 4200.
8
Calculate the greatest common divisor of 2 and 106.
2
What is the greatest common factor of 224 and 686?
14
What is the highest common factor of 1812 and 96?
12
Calculate the greatest common factor of 140 and 960.
20
What is the highest common divisor of 22 and 8?
2
What is the highest common divisor of 30 and 42?
6
What is the greatest common divisor of 26 and 10?
2
Calculate the highest common divisor of 3315 and 45.
15
What is the greatest common